1110
Convert 478 (base 9) to base 14.
203
What is -13770 (base 9) in base 6?
-111230
What is -5e (base 15) in base 12?
-75
434541 (base 6) to base 2
1000110011011101
312 (base 4) to base 16
36
What is -10545 (base 12) in base 16?
-5405
What is -52114 (base 7) in base 4?
-3013033
Convert -1054 (base 12) to base 5.
-24132
What is 1110000 (base 3) in base 6?
4513
Convert -110102100 (base 3) to base 10.
-9054
What is 2 (base 10) in base 3?
2
What is -3695 (base 15) in base 10?
-11615
-5ee (base 16) to base 9
-2066
Convert 1743 (base 11) to base 13.
1022
What is 13100 (base 5) in base 12?
715
Convert -12204 (base 5) to base 6.
-4145
Convert 146a0 (base 11) to base 3.
1001112102
What is 15067 (base 12) in base 9?
44357
What is -654 (base 12) in base 8?
-1640
What is 2cb0 (base 13) in base 6?
50221
65 (base 14) to base 3
10022
-25248 (base 9) to base 2
-100001001001101
-1051 (base 6) to base 3
-100011
What is -371 (base 12) in base 2?
-1000000101
What is 50c9 (base 13) in base 8?
25616
What is -27951 (base 12) in base 8?
-153215
-1000110000110 (base 2) to base 15
-14e1
-60155 (base 7) to base 15
-4465
Convert -282 (base 13) to base 8.
-674
65 (base 10) to base 11
5a
-33 (base 13) to base 7
-60
20141 (base 7) to base 5
124010
Convert -6637 (base 9) to base 2.
-1001100011110
-b02a (base 13) to base 4
-11322023
What is 312 (base 4) in base 6?
130
Convert 11010000010100 (base 2) to base 8.
32024
-1054 (base 7) to base 13
-235
What is -202200 (base 3) in base 5?
-4213
Convert -215041 (base 7) to base 16.
-937f
Convert -2169 (base 10) to base 6.
-14013
What is 112214 (base 6) in base 3?
111011001
-1223200 (base 4) to base 5
-210010
-1011001010111 (base 2) to base 3
-21211211
Convert 100100100 (base 2) to base 13.
196
3156 (base 8) to base 5
23041
Convert c36 (base 14) to base 4.
211200
6430 (base 7) to base 5
33100
Convert 2311 (base 15) to base 6.
54241
Convert 3f9 (base 16) to base 12.
709
What is -132 (base 14) in base 4?
-3300
Convert 162aa (base 11) to base 15.
6c29
What is -201 (base 11) in base 16?
-f3
Convert -153 (base 12) to base 6.
-543
What is e8c (base 15) in base 4?
303102
What is -551 (base 15) in base 16?
-4b1
Convert 107 (base 10) to base 11.
98
What is 11111000101110 (base 2) in base 7?
64260
-1100101100000000 (base 2) to base 7
-304340
What is 192 (base 14) in base 15?
169
e2 (base 16) to base 11
196
46035 (base 8) to base 11
13704
Convert -435100 (base 6) to base 3.
-1211112100
What is 5744 (base 9) in base 12?
2564
ffb0 (base 16) to base 9
108708
6b6 (base 12) to base 4
33222
Convert c1d5 (base 14) to base 11.
23033
-433 (base 7) to base 13
-13c
Convert -712 (base 9) to base 15.
-288
-220011200 (base 3) to base 16
-44d6
100011011011 (base 2) to base 14
b7d
Convert 121 (base 7) to base 2.
1000000
Convert -3013 (base 7) to base 15.
-494
Convert -1221 (base 4) to base 9.
-126
bb5 (base 15) to base 9
3558
Convert 39b (base 15) to base 5.
11241
Convert 14394 (base 12) to base 6.
334304
-151f (base 16) to base 5
-133112
What is 1012 (base 11) in base 8?
2500
1133041 (base 5) to base 16
521d
Convert 143122 (base 5) to base 12.
35b1
What is -2176 (base 10) in base 5?
-32201
-29e (base 16) to base 7
-1645
What is 290 (base 13) in base 16?
1c7
What is 3374 (base 8) in base 3?
2110020
5baf (base 16) to base 6
300355
What is 311222 (base 6) in base 2?
110000101011110
-e0 (base 16) to base 15
-ee
Convert -1a9 (base 13) to base 12.
-218
Convert 96 (base 12) to base 5.
424
What is 589 (base 15) in base 7?
3441
Convert 4031 (base 6) to base 4.
31303
151435 (base 6) to base 8
34457
67c (base 13) to base 3
1112101
What is 2240 (base 5) in base 6?
1252
Convert -405 (base 12) to base 8.
-1105
-163a7 (base 14) to base 3
-2211021211
What is 3855 (base 13) in base 5?
224023
Convert 1242 (base 8) to base 7.
1652
What is 404233 (base 6) in base 16?
7d3d
What is -21332301 (base 4) in base 12?
-1b7a9
Convert 23213 (base 4) to base 12.
51b
-1a34 (base 12) to base 8
-6210
What is 1010 (base 4) in base 15?
48
What is -201001 (base 5) in base 16?
-18e8
What is 114232 (base 5) in base 15?
142c
What is 5051 (base 7) in base 4?
123113
-6311 (base 8) to base 11
-2506
-110002 (base 3) to base 12
-232
-da (base 16) to base 7
-431
-4806 (base 9) to base 16
-df2
34a7 (base 11) to base 13
2125
303 (base 8) to base 3
21020
What is -301111 (base 4) in base 16?
-c55
What is 1284 (base 9) in base 10?
967
10000001100111 (base 2) to base 3
102101020
31000 (base 7) to base 16
1d7a
Convert -75324 (base 8) to base 4.
-13223110
b7c7 (base 14) to base 12
16443
abe (base 15) to base 10
2429
-20401 (base 9) to base 8
-32207
Convert 16624 (base 8) to base 16.
1d94
-1011010101100 (base 2) to base 14
-2188
Convert 10100000010001 (base 2) to base 6.
115253
What is -3133 (base 8) in base 6?
-11311
-1a6 (base 16) to base 2
-110100110
What is -493a (base 14) in base 7?
-52203
-320 (base 7) to base 9
-188
Convert -356 (base 11) to base 6.
-1544
What is 543 (base 9) in base 14?
23a
What is 200303 (base 4) in base 5?
31344
Convert -11413 (base 5) to base 2.
-1101011010
What is 23314 (base 5) in base 10?
1709
Convert -2bb1 (base 12) to base 4.
-1100311
Convert 1220 (base 9) to base 4.
32031
Convert -34044 (base 6) to base 7.
-16636
33233 (base 4) to base 10
1007
What is 124220 (base 5) in base 2?
1001101000111
Convert -2502 (base 9) to base 15.
-845
What is 1101 (base 10) in base 7?
3132
Convert -420 (base 16) to base 11.
-880
-51770 (base 9) to base 15
-a1c9
What is -120021121 (base 3) in base 2?
-10101110000100
31494 (base 10) to base 2
111101100000110
7a (base 11) to base 5
322
-1224300 (base 5) to base 6
-301420
-a4c (base 15) to base 6
-14430
Convert 112300 (base 4) to base 9.
1887
Convert -2966 (base 11) to base 2.
-111011101111
Convert -10101000 (base 2) to base 7.
-330
2481 (base 11) to base 10
3235
What is -15016 (base 11) in base 13?
-9916
Convert 2ba (base 13) to base 4.
13223
18b2 (base 15) to base 6
40422
4063 (base 8) to base 11
1639
Convert -14275 (base 10) to base 14.
-52b9
What is 244 (base 8) in base 4?
2210
-4c4 (base 14) to base 12
-678
Convert 36a (base 11) to base 13.
27a
What is 6d8 (base 15) in base 11?
1192
What is 27 (base 9) in base 2?
11001
What is 348 (base 11) in base 13?
25c
What is 121022 (base 6) in base 3?
112112112
What is -2096 (base 10) in base 15?
-94b
14146 (base 8) to base 12
3746
Convert 230222 (base 4) to base 8.
5452
12171 (base 10) to base 3
121200210
Convert -210221 (base 3) to base 5.
-4332
What is 210332 (base 4) in base 3?
10020122
-27ab (base 12) to base 7
-16253
208 (base 13) to base 9
424
Convert -147b (base 12) to base 11.
-1891
90 (base 15) to base 2
10000111
Convert -10220 (base 5) to base 10.
-685
Convert -a032 (base 12) to base 14.
-6450
What is -110110100111 (base 2) in base 7?
-13122
What is -650 (base 8) in base 12?
-2b4
66012 (base 9) to base 14
11d31
-30410 (base 5) to base 3
-2201100
What is -68d (base 15) in base 7?
-4216
What is 22302300 (base 4) in base 15?
d173
Convert -27371 (base 10) to base 7.
-142541
What is 2b3c (base 15) in base 5?
244112
What is 7579 (base 12) in base 16?
326d
-3e0 (base 15) to base 13
-531
-2506 (base 10) to base 2
-100111001010
Convert 6808 (base 14) to base 5.
1034130
-3815 (base 9) to base 13
-13b2
Convert 178 (base 14) to base 4.
10232
What is 1256 (base 8) in base 9?
842
What is -112001 (base 3) in base 6?
-1431
Convert b (base 16) to base 15.
b
What is -34243 (base 5) in base 12?
-1500
Convert 100221000 (base 3) to base 10.
7236
512 (base 15) to base 10
1142
What is 11101001 (base 2) in base 12?
175
-8330 (base 10) to base 11
-6293
What is -100011000101 (base 2) in base 14?
-b65
Convert 1327 (base 11) to base 7.
5011
Convert 12864 (base 9) to base 12.
5071
-1592 (base 15) to base 5
-122022
What is 2011001 (base 3) in base 11?
11a5
What is -1772 (base 8) in base 7?
-2653
What is 130 (base 11) in base 7?
310
Convert 2b8 (base 12) to base 11.
35a
What is 617 (base 8) in base 9?
483
-222202002 (base 3) to base 15
-5b9b
Convert 267a4 (base 11) to base 8.
112525
What is 251555 (base 6) in base 11?
15971
-33c (base 14) to base 7
-1605
Convert -8042 (base 14) to base 7.
-121112
Convert 68b6 (base 12) to base 3.
120222210
-7b20 (base 14) to base 11
-15088
What is -15a (base 15) in base 14?
-182
Convert 3331